 + -2)). Suppose 4 = 3*y - 2*q - 0, -j = -5*q. What are the prime factors of y?
2
Let z = 1306 + 53. What are the prime factors of z?
3, 151
Suppose -5*m - 1 + 16 = 0. Suppose 5*v - m*v = 50. Let u = v - 4. What are the prime factors of u?
3, 7
Let t be (-5)/2*2 + 2. Let f = -33 - -68. Let o = f + t. List the prime factors of o.
2
Let y(z) = 3*z**2 - 8*z - 9. Let m be y(5). Suppose 0 = -j - 1, -m = 3*h + 3*j - 263. List the prime factors of h.
2, 5
Let q(m) = -m**2 + 9*m - 1. Let f be q(9). List the prime factors of (-198 - 13)/(f - 0).
211
Let b = 39 + -39. What are the prime factors of 145 + b + (-10)/5 - -1?
2, 3
Let u be 4 - (0 + -9)/(-3). List the prime factors of ((-6)/4)/u*-22.
3, 11
Suppose 0 = 17*j - 14*j + 30. List the prime factors of (272/j)/((-1)/5).
2, 17
Let o be (-315)/(-6)*8/6. Suppose 0 = -3*q - 3*u - 144, 5*q + 3*u - u + 243 = 0. Let t = o + q. List the prime factors of t.
3, 7
Let c(z) = -2*z - 4. Let n be c(-5). Suppose n*o - 7*o = -14. Let a = 16 - o. List the prime factors of a.
2
Let i(d) = -22*d - 51. What are the prime factors of i(-8)?
5
Let u = -8 + 4. Let i be 9/18 - (-30)/u. Let n = 13 - i. List the prime factors of n.
2, 5
Let z(s) = -s**3 - 3*s**2 + 5*s - 17. List the prime factors of z(-5).
2
Let q(r) = 3*r**2 + 11*r - 6. Let v be q(-5). Suppose 0 = 2*y - 4*u - 18, 5*y - 6 + 3 = -4*u. Let c = v - y. List the prime factors of c.
11
Let b(o) = -o**3 + 4*o**2 + 2*o - 5. Let g be b(4). Let l be ((-12)/(-5))/((-12)/(-60)). Let y = l - g. List the prime factors of y.
3
Let b(c) = -c**3 - 11*c**2 + 18*c - 18. Let y be b(-13). List the prime factors of (y + 1)/((-18)/(-12)).
2, 29
Let o(l) = l**3 + 6*l**2 - 9*l - 14. Let y be o(-7). Suppose 445 - 23 = 3*s + k, y = s - 2*k - 143. What are the prime factors of s?
3, 47
Let i(q) = 3*q**2 + 3*q - 10. Suppose 8*j - 1 = 39. What are the prime factors of i(j)?
2, 5
Let x = 288 + 44. List the prime factors of x.
2, 83
Let d be (-23)/4 + 15/20. Let a be ((-4)/d)/(2/35). Let p(l) = l + 1. What are the prime factors of p(a)?
3, 5
Suppose -7*h + 4*p + 30182 = 0, 12*h = 11*h + 2*p + 4316. What are the prime factors of h?
2, 5, 431
Let n(q) = -5*q + 16*q - q**3 + 30 - 7*q - 2*q**2 - 2*q. List the prime factors of n(-6).
2, 3
Let r = 1250 + -732. List the prime factors of r.
2, 7, 37
Let b(s) = -s**3 + 19*s**2 - 6*s + 13. What are the prime factors of b(13)?
13, 73
Let y(r) be the first derivative of r**4/4 + 2*r**3 + 3*r**2/2 - r - 10. Let u = 0 - 5. What are the prime factors of y(u)?
3
Let f(w) = -w**3 - 9*w**2 - 4*w + 18. Let a = -9 - 0. What are the prime factors of f(a)?
2, 3
Let q = 97 + -48. Let l(a) = 34*a**3 - 2*a**2 + a. Let o be l(1). Let k = q - o. What are the prime factors of k?
2
Let x(t) = 42*t**3 - 5*t**2 - 3*t - 1. List the prime factors of x(2).
3, 103
Let t = 2622 - 1149. What are the prime factors of t?
3, 491
Let s be 27/(-6)*(-2 + 28/3). Suppose 2*n = 83 + 33. Let g = n + s. What are the prime factors of g?
5
Let a(j) = -56*j + 96. Let d(x) = -11*x + 19. Let t(o) = -3*a(o) + 16*d(o). List the prime factors of t(-14).
2
Suppose 3*f + 16 = 5*c, -4*f = 3*c - 11 - 16. Suppose 5*k = 2*z + 231, c*k - 3*k - 87 = -z. What are the prime factors of k?
3, 5
Let n be (4/(-12))/((-2)/(-126)). Let m = 222 - n. What are the prime factors of m?
3
What are the prime factors of (1554/(-4))/(550/(-40) - -13)?
2, 7, 37
Suppose 20*t - 89*t = -186231. What are the prime factors of t?
2699
Suppose 3*n - 2*n - 152 = 0. Let v = n + -56. What are the prime factors of v?
2, 3
Suppose 4*q - 4*n = -504, -3*n + 219 + 36 = -2*q. Let h = q + 262. What are the prime factors of h?
139
Suppose 0 = 13*x - 8*x - 20. Let s be -6*((-6)/x + 3). Let r = 10 - s. List the prime factors of r.
19
Suppose 9*h + 504 = 10*h. What are the prime factors of h?
2, 3, 7
Let p = -85 + 81. List the prime factors of 0 + p + (3 - -85).
2, 3, 7
Let y = -3179 - -5210. List the prime factors of y.
3, 677
List the prime factors of 13288/11 + (-7)/(-1).
3, 5
Let q(x) = -199*x + 5. What are the prime factors of q(-3)?
2, 7, 43
Let k be (((-609)/9)/1)/(3/9). Let r = k - -315. What are the prime factors of r?
2, 7
Let t = -204 + 596. List the prime factors of t.
2, 7
Let c(s) = 4*s**2 - 5*s + 96. Let h(x) = -3*x**2 + 3*x - 64. Let o(q) = -5*c(q) - 8*h(q). List the prime factors of o(-6).
2, 5, 17
Let o = 20 - 31. Let g(t) = -2*t**2 + 8*t + 5. Let u(a) = 5*a**2 - 25*a - 15. Let q(d) = -8*g(d) - 3*u(d). What are the prime factors of q(o)?
5
Let c = 22 + -61. Let y = c + 74. What are the prime factors of y?
5, 7
Let u(y) = y**3 + 13*y**2 - 2*y - 18. Let h be u(-13). Suppose -h*g + 16 + 72 = 0. What are the prime factors of g?
11
Let s = -2 + 4. Let t(n) = 3 - 2*n - 8 - s*n. List the prime factors of t(-3).
7
Let t be (462/8)/((-18)/48). Let q = -98 - t. What are the prime factors of q?
2, 7
Let z = 13816 - 9675. What are the prime factors of z?
41, 101
Let s = 14 - 8. List the prime factors of (-7061)/(-138) - 1/s.
3, 17
List the prime factors of (-9)/(27/(-876))*2.
2, 73
Let n be ((-4)/(-8))/(1/(-2)). Let u = 8 + n. Suppose u*d - 100 = 2*d. List the prime factors of d.
2, 5
Let c = 1025 + -549. List the prime factors of c.
2, 7, 17
Let f(l) = l**2 + 13*l - 15. Let g be f(-14). List the prime factors of g*(-1 + (-7 - 0)).
2
Suppose 5*s = -7 - 23. Let y be ((-110)/(-15))/((-4)/s). Let v(r) = -r**3 + 11*r**2 + 2*r - 6. What are the prime factors of v(y)?
2
Let f = 43 - 13. Let a be ((-2)/(-5))/(6/f). Suppose -16 = a*s - 68. What are the prime factors of s?
2, 13
Let p = -4 - -13. Let u = p - 11. What are the prime factors of (-50)/u*(1 + 0)?
5
Suppose 2*d + d = -2*a + 56, 5*a = -3*d + 59. Let h be 573/d - (-4)/24. Suppose 3*m = 5*m - 4*j - 54, 0 = -m + 3*j + h. List the prime factors of m.
17
Suppose 12012 = 13*p + 364. What are the prime factors of p?
2, 7
Suppose 2*s + 3 = 3*s. Suppose 2*g = 3*l + 15, -5*g - s*l - 25 = 2*l. Suppose -3*x + 8 + 52 = g. List the prime factors of x.
2, 5
What are the prime factors of 2/7 + (206532/(-21))/(-4)?
2459
List the prime factors of 10 + -13 - (-2)/((-2)/(-915)).
2, 3, 19
Let i = -25 - -24. What are the prime factors of 35 + 2 - (-1 + (i - -2))?
37
Let p(h) = h**3 - 6*h**2 - 5*h - 8. Suppose 7*w = 4*w. Suppose k + 2*k - 21 = w. What are the prime factors of p(k)?
2, 3
Suppose 15 = -3*f, 9*l - 5*f + 6602 = 12*l. What are the prime factors of l?
47
Let x(k) = 12*k - 34. What are the prime factors of x(5)?
2, 13
Let l(g) = -g**3 + 12*g**2 - 6*g - 1. Let t be l(5). Let r = t - 36. Suppose 4*o + 4*z - r = 0, 0 = 5*o + z + 2*z - 137. List the prime factors of o.
2, 7
Let z(s) = -14*s + s**2 - 7*s**2 - 4 + 5*s**2. List the prime factors of z(-10).
2, 3
Suppose -3*x = -2*z - x + 18, z = -x + 19. Let h = z + -10. Suppose 4*n = j - h*j + 11, -3*j = -3. List the prime factors of n.
2
List the prime factors of (-87)/2*(-5720)/132.
5, 13, 29
Let v be ((-8)/(-12))/(2/18). What are the prime factors of (165/v)/(-5)*-4?
2, 11
Suppose 2*t + 4 = 4*t. Suppose w - t*w = -38. Let l = w - 15. What are the prime factors of l?
23
Let g(n) = n**3 - 12*n**2 - 5*n. Let l be g(13). What are the prime factors of l - -7 - (-6)/2?
2, 3, 19
Let s = -628 - -705. What are the prime factors of s?
7, 11
Suppose 4*l - 15 = 3*l. List the prime factors of (l/6 - 2)*(-7 + 55).
2, 3
Suppose 4*j = 826 - 258. Suppose 3*y + j = 2*b, 3*b + 5*y = 32 + 181. Suppose 2*r = -3*p + 117, r - b = -p + 2*p. What are the prime factors of r?
2, 3, 11
Let j be (-3 + 1)*17/((-17)/32). Let m be 1*(0 - 97/(-1)). Let b = m - j. List the prime factors of b.
3, 11
Let k be (1 - (-4 + 8))*4. List the prime factors of k/28 + 134/28*12.
3, 19
Let n(u) = u + 12. Let y be n(0). Let v(i) = -i**3 - 16*i**2 + 17*i - 11. Let t be v(-17). Let p = y - t. What are the prime factors of p?
23
Let k be 267/21 + (-2)/(-7). Suppose -4*p - k = 3*q, -p - q = -4*p. Let s = p - -47. What are the prime factors of s?
2, 23
Suppose 0 = 8*u - 936 + 136. Suppose -5*a - 25 = 0, 5*a = 2*r - 89 - u. What are the prime factors of r?
2, 41
Suppose 730 = 3*o - 2*o. Suppose -8*i + o = -3*i. Suppose 2*h - 5*l = 91, -5*h = l - 41 - i. What are the prime factors of h?
2, 19
Let i(o) = 19*o**2 - 6*o + 21. List the prime factors of i(5).
2, 233
Let a(k) be the first derivative of k**